{"id":28,"date":"2017-08-01T12:19:13","date_gmt":"2017-08-01T10:19:13","guid":{"rendered":"http:\/\/kb2017.jkoeber.de\/?page_id=28"},"modified":"2018-02-10T16:44:58","modified_gmt":"2018-02-10T15:44:58","slug":"unsere-leistungen","status":"publish","type":"page","link":"https:\/\/www.kaminbuss.de\/index.php\/unsere-leistungen\/","title":{"rendered":"Unsere Leistungen"},"content":{"rendered":"<div class=\"wpb-content-wrapper\"><p>[vc_row][vc_column width=&#8220;2\/3&#8243;][vc_column_text]<\/p>\n<h4>Leistungen<\/h4>\n<p>Hochwertige Kamin- und Speicher\u00f6fen der Firmen <a href=\"http:\/\/kb2017.jkoeber.de\/index.php\/kamine\/altech\/\">Altech<\/a>, Flam, <a href=\"http:\/\/kb2017.jkoeber.de\/index.php\/kamine\/heta\/\">Heta<\/a>, <a href=\"http:\/\/kb2017.jkoeber.de\/index.php\/kamine\/nordpeis\/\">Nordpeis<\/a>, <a href=\"http:\/\/kb2017.jkoeber.de\/index.php\/kamine\/droff\/\">Drooff<\/a>, <a href=\"http:\/\/kb2017.jkoeber.de\/index.php\/kamine\/cera-design\/\">Cera<\/a> und <a href=\"http:\/\/kb2017.jkoeber.de\/index.php\/kamine\/rizzoli\/\">Rizzoli<\/a><\/p>\n<p>Kamin\u00f6fen (der sogenannte Schwedenofen), Heizkamine, Kleinspeicher\u00f6fen (Speicherleistung bis 14 h)<\/p>\n<p>&#8222;Gro\u00dfspeicher\u00f6fen&#8220; aus\u00a0&#8222;Powerstone&#8220;\u00a0(Speicherleistung bis 21 h)\u00a0und Kochherde.[\/vc_column_text][\/vc_column][vc_column width=&#8220;1\/3&#8243;][vc_single_image media=&#8220;186&#8243; media_width_percent=&#8220;100&#8243;][\/vc_column][\/vc_row][vc_row][vc_column width=&#8220;1\/3&#8243;][vc_single_image media=&#8220;95&#8243; media_width_percent=&#8220;100&#8243;][\/vc_column][vc_column width=&#8220;2\/3&#8243;][vc_column_text]<strong>Nachr\u00fcsten\u00a0von Heizkassetten in offene Kamine<\/strong><\/p>\n<p>Heizeins\u00e4tze werden fest in die bestehende Feuer\u00f6ffnung eingebaut. Gerade aus diesem Grund sollte man sich f\u00fcr Qualit\u00e4t entscheiden, da es sehr schwierig werden kann Ihren Ofen zu reparieren, sollte etwas kaputt sein. Deshalb, weil nichts kaputt geht, erhalten Sie nur Kamineins\u00e4tzte aus dem Hause FLAM vom uns. Diese werden \u00fcberwiegend aus Guss gefertigten und halten was andere versprechen.[\/vc_column_text][\/vc_column][\/vc_row][vc_row][vc_column width=&#8220;2\/3&#8243;][vc_column_text]<strong>Kaminbau und Kaminsanierung \/ Schornsteinbau und Schornsteinsanierung.<\/strong><\/p>\n<p>Lassen Sie sich von uns beraten, was f\u00fcr Ihren Ofen\u00a0das beste System\u00a0ist. Gerne erhalten Sie ein Komplettangebot mit\u00a0Schornstein (aus einer Hand) von uns. Diese Pakete werden von unseren Kunden oft und gerne genutzt, da wir hierf\u00fcr einen immer individuellen und attraktiven\u00a0Paketpreis veranschlagen k\u00f6nnen. Egal ob Feuerst\u00e4tte oder Schornstein, die bei uns erh\u00e4ltlichen Produkte sind von h\u00f6chster Qualit\u00e4t.[\/vc_column_text][\/vc_column][vc_column width=&#8220;1\/3&#8243;][vc_single_image media=&#8220;281&#8243; media_width_percent=&#8220;100&#8243;][\/vc_column][\/vc_row]<\/p>\n<\/div>","protected":false},"excerpt":{"rendered":"<p>[vc_row][vc_column width=&#8220;2\/3&#8243;][vc_column_text] Leistungen Hochwertige Kamin- und Speicher\u00f6fen der Firmen Altech, Flam, Heta, Nordpeis, Drooff, Cera und Rizzoli Kamin\u00f6fen (der sogenannte [&hellip;]<\/p>\n","protected":false},"author":1,"featured_media":0,"parent":0,"menu_order":0,"comment_status":"closed","ping_status":"closed","template":"","meta":{"footnotes":""},"class_list":["post-28","page","type-page","status-publish","hentry"],"_links":{"self":[{"href":"https:\/\/www.kaminbuss.de\/index.php\/wp-json\/wp\/v2\/pages\/28","targetHints":{"allow":["GET"]}}],"collection":[{"href":"https:\/\/www.kaminbuss.de\/index.php\/wp-json\/wp\/v2\/pages"}],"about":[{"href":"https:\/\/www.kaminbuss.de\/index.php\/wp-json\/wp\/v2\/types\/page"}],"author":[{"embeddable":true,"href":"https:\/\/www.kaminbuss.de\/index.php\/wp-json\/wp\/v2\/users\/1"}],"replies":[{"embeddable":true,"href":"https:\/\/www.kaminbuss.de\/index.php\/wp-json\/wp\/v2\/comments?post=28"}],"version-history":[{"count":6,"href":"https:\/\/www.kaminbuss.de\/index.php\/wp-json\/wp\/v2\/pages\/28\/revisions"}],"predecessor-version":[{"id":273,"href":"https:\/\/www.kaminbuss.de\/index.php\/wp-json\/wp\/v2\/pages\/28\/revisions\/273"}],"wp:attachment":[{"href":"https:\/\/www.kaminbuss.de\/index.php\/wp-json\/wp\/v2\/media?parent=28"}],"curies":[{"name":"wp","href":"https:\/\/api.w.org\/{rel}","templated":true}]}}