{"id":14,"date":"2017-08-01T12:17:02","date_gmt":"2017-08-01T10:17:02","guid":{"rendered":"http:\/\/kb2017.jkoeber.de\/?page_id=14"},"modified":"2026-01-14T13:44:03","modified_gmt":"2026-01-14T12:44:03","slug":"kontakt","status":"publish","type":"page","link":"https:\/\/www.kaminbuss.de\/index.php\/kontakt\/","title":{"rendered":"Kontakt"},"content":{"rendered":"<div class=\"wpb-content-wrapper\"><p>[vc_row][vc_column width=&#8220;1\/2&#8243;][vc_column_text uncode_shortcode_id=&#8220;205889&#8243;]<strong>Telefonisch erreichbar<\/strong><\/p>\n<p>Kontakt Tel. 09227-4468<br \/>\nFreitag von 9:00 bis 17:00 Uhr<\/p>\n<p><strong>\u00d6ffnungszeiten unserer Ofenausstellung<\/strong><br \/>\nFr. 9:00-17:00 Uhr und Sa. 9:00-12:00 Uhr<\/p>\n<p><strong>B\u00fcro und Ausstellung:\u00a0<\/strong><a href=\"geo:50.0978956,11.5876407\">Auf der H\u00f6h 3, 95339 Neuenmarkt, DE<\/a><\/p>\n<p><strong>E-Mail:<\/strong>\u00a0<a href=\"mailto:info@kamin-buss.de\">info@kamin-buss.de<\/a><\/p>\n<h4><\/h4>\n<p>[\/vc_column_text][vc_gmaps latlon=&#8220;50.098883, 11.590403&#8243; map_color=&#8220;color-lxmt&#8220; ui_color=&#8220;color-nhtu&#8220; zoom=&#8220;14&#8243; map_saturation=&#8220;-20&#8243; map_brightness=&#8220;5&#8243; address=&#8220;Auf der H\u00f6h3, 95339 Neuenmarkt&#8220;][\/vc_column][vc_column width=&#8220;1\/2&#8243;]\n<div class=\"wpcf7 no-js\" id=\"wpcf7-f49-o1\" lang=\"de-DE\" dir=\"ltr\" data-wpcf7-id=\"49\">\n<div class=\"screen-reader-response\"><p role=\"status\" aria-live=\"polite\" aria-atomic=\"true\"><\/p> <ul><\/ul><\/div>\n<form action=\"\/index.php\/wp-json\/wp\/v2\/pages\/14#wpcf7-f49-o1\" method=\"post\" class=\"wpcf7-form init\" aria-label=\"Kontaktformular\" novalidate=\"novalidate\" data-status=\"init\">\n<fieldset class=\"hidden-fields-container\"><input type=\"hidden\" name=\"_wpcf7\" value=\"49\" \/><input type=\"hidden\" name=\"_wpcf7_version\" value=\"6.1.5\" \/><input type=\"hidden\" name=\"_wpcf7_locale\" value=\"de_DE\" \/><input type=\"hidden\" name=\"_wpcf7_unit_tag\" value=\"wpcf7-f49-o1\" \/><input type=\"hidden\" name=\"_wpcf7_container_post\" value=\"0\" \/><input type=\"hidden\" name=\"_wpcf7_posted_data_hash\" value=\"\" \/>\n<\/fieldset>\n<p><label> Ihr Name (Pflichtfeld)<br \/>\n<span class=\"wpcf7-form-control-wrap\" data-name=\"your-name\"><input size=\"40\" maxlength=\"400\" class=\"wpcf7-form-control wpcf7-text wpcf7-validates-as-required\" aria-required=\"true\" aria-invalid=\"false\" value=\"\" type=\"text\" name=\"your-name\" \/><\/span> <\/label>\n<\/p>\n<p><label> Ihre E-Mail-Adresse (Pflichtfeld)<br \/>\n<span class=\"wpcf7-form-control-wrap\" data-name=\"your-email\"><input size=\"40\" maxlength=\"400\" class=\"wpcf7-form-control wpcf7-email wpcf7-validates-as-required wpcf7-text wpcf7-validates-as-email\" aria-required=\"true\" aria-invalid=\"false\" value=\"\" type=\"email\" name=\"your-email\" \/><\/span> <\/label>\n<\/p>\n<p><label> Betreff<br \/>\n<span class=\"wpcf7-form-control-wrap\" data-name=\"your-subject\"><input size=\"40\" maxlength=\"400\" class=\"wpcf7-form-control wpcf7-text\" aria-invalid=\"false\" value=\"\" type=\"text\" name=\"your-subject\" \/><\/span> <\/label>\n<\/p>\n<p><label> Ihre Nachricht<br \/>\n<span class=\"wpcf7-form-control-wrap\" data-name=\"your-message\"><textarea cols=\"40\" rows=\"10\" maxlength=\"2000\" class=\"wpcf7-form-control wpcf7-textarea\" aria-invalid=\"false\" name=\"your-message\"><\/textarea><\/span> <\/label>\n<\/p>\n<p><input class=\"wpcf7-form-control wpcf7-submit has-spinner\" type=\"submit\" value=\"Senden\" \/>\n<\/p><p style=\"display: none !important;\" class=\"akismet-fields-container\" data-prefix=\"_wpcf7_ak_\"><label>&#916;<textarea name=\"_wpcf7_ak_hp_textarea\" cols=\"45\" rows=\"8\" maxlength=\"100\"><\/textarea><\/label><input type=\"hidden\" id=\"ak_js_1\" name=\"_wpcf7_ak_js\" value=\"4\"\/><script type=\"text\/javascript\">\n\/* <![CDATA[ *\/\ndocument.getElementById( \"ak_js_1\" ).setAttribute( \"value\", ( new Date() ).getTime() );\n\/* ]]> *\/\n<\/script>\n<\/p><div class=\"wpcf7-response-output\" aria-hidden=\"true\"><\/div>\n<\/form>\n<\/div>\n[\/vc_column][\/vc_row][vc_row][vc_column width=&#8220;1\/2&#8243;][vc_column_text]<\/p>\n<div class=\"headline\">&#8230;ein echt starkes Team<\/div>\n<p>Unser Firmensitz.<\/p>\n<p>Kaminofenausstellung (ca. 100m\u00b2 mit immer \u00fcber 50 Ofenmodellen) mit den hochwertigen Ofenmarken:<\/p>\n<p>Altech, Heta, Wodtke, Nordpeis, Drooff, Cera, Leda und Pertinger.[\/vc_column_text][\/vc_column][vc_column width=&#8220;1\/2&#8243;][vc_single_image media=&#8220;274&#8243; media_width_percent=&#8220;100&#8243;][\/vc_column][\/vc_row][vc_row][vc_column width=&#8220;1\/2&#8243;][vc_column_text]<\/p>\n<h3>Disclaimer<\/h3>\n<h4>1. Warnhinweis zu Inhalten<\/h4>\n<p>Die kostenlosen und frei zug\u00e4nglichen Inhalte dieser Webseite wurden mit gr\u00f6\u00dftm\u00f6glicher Sorgfalt erstellt. Der Anbieter dieser Webseite \u00fcbernimmt jedoch keine Gew\u00e4hr f\u00fcr die Richtigkeit und Aktualit\u00e4t der bereitgestellten kostenlosen und frei zug\u00e4nglichen journalistischen Ratgeber und Nachrichten. Die Nutzung dieser Webseiteninhalte erfolgt auf eigene Gefahr. Allein durch den Aufruf dieser kostenlosen und frei zug\u00e4nglichen Inhalte kommt keinerlei Vertragsverh\u00e4ltnis zwischen dem Nutzer und dem Anbieter zustande, insoweit fehlt es am Rechtsbindungswillen des Anbieters.<\/p>\n<h4>2. Verlinkungen<\/h4>\n<p>Die Webseite enth\u00e4lt Verlinkungen zu anderen Webseiten (&#8222;externe Links&#8220;). Diese Webseiten unterliegen der Haftung der jeweiligen Seitenbetreiber. Bei Verkn\u00fcpfung der externen Links waren keine Rechtsverst\u00f6\u00dfe ersichtlich. Auf die aktuelle und k\u00fcnftige Gestaltung der verlinkten Seiten hat der Anbieter keinen Einfluss. Die permanente \u00dcberpr\u00fcfung der externen Links ist f\u00fcr den Anbieter ohne konkrete Hinweise auf Rechtsverst\u00f6\u00dfe nicht zumutbar. Bei Bekanntwerden von Rechtsverst\u00f6\u00dfen werden die betroffenen externen Links unverz\u00fcglich gel\u00f6scht.<\/p>\n<h4>3. Urheberrecht \/ Leistungsschutzrecht<\/h4>\n<p>Die auf dieser Webseite durch den Anbieter ver\u00f6ffentlichten Inhalte unterliegen dem deutschen Urheberrecht und Leistungsschutzrecht. Alle vom deutschen Urheber- und Leistungsschutzrecht nicht zugelassene Verwertung bedarf der vorherigen schriftlichen Zustimmung des Anbieters oder jeweiligen Rechteinhabers. Dies gilt vor allem f\u00fcr Vervielf\u00e4ltigung, Bearbeitung, \u00dcbersetzung, Einspeicherung, Verarbeitung bzw. Wiedergabe von Inhalten in Datenbanken oder anderen elektronischen Medien und Systemen. Dabei sind Inhalte und Rechte Dritter als solche gekennzeichnet. Das unerlaubte Kopieren der Webseiteninhalte oder der kompletten Webseite ist nicht gestattet und strafbar. Lediglich die Herstellung von Kopien und Downloads f\u00fcr den pers\u00f6nlichen, privaten und nicht kommerziellen Gebrauch ist erlaubt.<\/p>\n<p>Diese Website darf ohne schriftliche Erlaubnis nicht durch Dritte in Frames oder iFrames dargestellt werden.<\/p>\n<h4>4. Keine Werbung<\/h4>\n<p>Die Verwendung der Kontaktdaten des Impressums zur gewerblichen Werbung ist ausdr\u00fccklich nicht erw\u00fcnscht, es sei denn der Anbieter hatte zuvor seine schriftliche Einwilligung erteilt oder es besteht bereits eine Gesch\u00e4ftsbeziehung. Der Anbieter und alle auf dieser Website genannten Personen widersprechen hiermit jeder kommerziellen Verwendung und Weitergabe ihrer Daten.<\/p>\n<h4>5. Besondere Nutzungsbedingungen<\/h4>\n<p>Soweit besondere Bedingungen f\u00fcr einzelne Nutzungen dieser Website von den vorgenannten Nummern 1. bis 4. abweichen, wird an entsprechender Stelle ausdr\u00fccklich darauf hingewiesen. In diesem Falle gelten im jeweiligen Einzelfall die besonderen Bedingungen.<\/p>\n<p>Quelle: <a href=\"https:\/\/www.fachanwalt.de\/disclaimer-vorlage\/\">Disclaimer Vorlage von fachanwalt.de<\/a>[\/vc_column_text][\/vc_column][\/vc_row][vc_row][vc_column width=&#8220;1\/1&#8243;][\/vc_column][\/vc_row]<\/p>\n<\/div>","protected":false},"excerpt":{"rendered":"<p>[vc_row][vc_column width=&#8220;1\/2&#8243;][vc_column_text uncode_shortcode_id=&#8220;205889&#8243;]Telefonisch erreichbar Kontakt Tel. 09227-4468 Freitag von 9:00 bis 17:00 Uhr \u00d6ffnungszeiten unserer Ofenausstellung Fr. 9:00-17:00 Uhr und [&hellip;]<\/p>\n","protected":false},"author":1,"featured_media":0,"parent":0,"menu_order":0,"comment_status":"closed","ping_status":"closed","template":"","meta":{"footnotes":""},"class_list":["post-14","page","type-page","status-publish","hentry"],"_links":{"self":[{"href":"https:\/\/www.kaminbuss.de\/index.php\/wp-json\/wp\/v2\/pages\/14","targetHints":{"allow":["GET"]}}],"collection":[{"href":"https:\/\/www.kaminbuss.de\/index.php\/wp-json\/wp\/v2\/pages"}],"about":[{"href":"https:\/\/www.kaminbuss.de\/index.php\/wp-json\/wp\/v2\/types\/page"}],"author":[{"embeddable":true,"href":"https:\/\/www.kaminbuss.de\/index.php\/wp-json\/wp\/v2\/users\/1"}],"replies":[{"embeddable":true,"href":"https:\/\/www.kaminbuss.de\/index.php\/wp-json\/wp\/v2\/comments?post=14"}],"version-history":[{"count":27,"href":"https:\/\/www.kaminbuss.de\/index.php\/wp-json\/wp\/v2\/pages\/14\/revisions"}],"predecessor-version":[{"id":634,"href":"https:\/\/www.kaminbuss.de\/index.php\/wp-json\/wp\/v2\/pages\/14\/revisions\/634"}],"wp:attachment":[{"href":"https:\/\/www.kaminbuss.de\/index.php\/wp-json\/wp\/v2\/media?parent=14"}],"curies":[{"name":"wp","href":"https:\/\/api.w.org\/{rel}","templated":true}]}}

<div class="wpb-content-wrapper"><p>[vc_row][vc_column width=&#8220;1/2&#8243;][vc_column_text uncode_shortcode_id=&#8220;205889&#8243;]<strong>Telefonisch erreichbar</strong></p>
<p>Kontakt Tel. 09227-4468<br />
Freitag von 9:00 bis 17:00 Uhr</p>
<p><strong>Öffnungszeiten unserer Ofenausstellung</strong><br />
Fr. 9:00-17:00 Uhr und Sa. 9:00-12:00 Uhr</p>
<p><strong>Büro und Ausstellung: </strong><a href="geo:50.0978956,11.5876407">Auf der Höh 3, 95339 Neuenmarkt, DE</a></p>
<p><strong>E-Mail:</strong> <a href="mailto:info@kamin-buss.de">info@kamin-buss.de</a></p>
<h4></h4>
<p>[/vc_column_text][vc_gmaps latlon=&#8220;50.098883, 11.590403&#8243; map_color=&#8220;color-lxmt&#8220; ui_color=&#8220;color-nhtu&#8220; zoom=&#8220;14&#8243; map_saturation=&#8220;-20&#8243; map_brightness=&#8220;5&#8243; address=&#8220;Auf der Höh3, 95339 Neuenmarkt&#8220;][/vc_column][vc_column width=&#8220;1/2&#8243;]
<div class="wpcf7 no-js" id="wpcf7-f49-o1" lang="de-DE" dir="ltr" data-wpcf7-id="49">
<div class="screen-reader-response"><p role="status" aria-live="polite" aria-atomic="true"></p> <ul></ul></div>
<form action="/index.php/wp-json/wp/v2/pages/14#wpcf7-f49-o1" method="post" class="wpcf7-form init" aria-label="Kontaktformular" novalidate="novalidate" data-status="init">
<fieldset class="hidden-fields-container"><input type="hidden" name="_wpcf7" value="49" /><input type="hidden" name="_wpcf7_version" value="6.1.5" /><input type="hidden" name="_wpcf7_locale" value="de_DE" /><input type="hidden" name="_wpcf7_unit_tag" value="wpcf7-f49-o1" /><input type="hidden" name="_wpcf7_container_post" value="0" /><input type="hidden" name="_wpcf7_posted_data_hash" value="" />
</fieldset>
<p><label> Ihr Name (Pflichtfeld)<br />
<span class="wpcf7-form-control-wrap" data-name="your-name"><input size="40" maxlength="400" class="wpcf7-form-control wpcf7-text wpcf7-validates-as-required" aria-required="true" aria-invalid="false" value="" type="text" name="your-name" /></span> </label>
</p>
<p><label> Ihre E-Mail-Adresse (Pflichtfeld)<br />
<span class="wpcf7-form-control-wrap" data-name="your-email"><input size="40" maxlength="400" class="wpcf7-form-control wpcf7-email wpcf7-validates-as-required wpcf7-text wpcf7-validates-as-email" aria-required="true" aria-invalid="false" value="" type="email" name="your-email" /></span> </label>
</p>
<p><label> Betreff<br />
<span class="wpcf7-form-control-wrap" data-name="your-subject"><input size="40" maxlength="400" class="wpcf7-form-control wpcf7-text" aria-invalid="false" value="" type="text" name="your-subject" /></span> </label>
</p>
<p><label> Ihre Nachricht<br />
<span class="wpcf7-form-control-wrap" data-name="your-message"><textarea cols="40" rows="10" maxlength="2000" class="wpcf7-form-control wpcf7-textarea" aria-invalid="false" name="your-message"></textarea></span> </label>
</p>
<p><input class="wpcf7-form-control wpcf7-submit has-spinner" type="submit" value="Senden" />
</p><p style="display: none !important;" class="akismet-fields-container" data-prefix="_wpcf7_ak_"><label>&#916;<textarea name="_wpcf7_ak_hp_textarea" cols="45" rows="8" maxlength="100"></textarea></label><input type="hidden" id="ak_js_1" name="_wpcf7_ak_js" value="4"/><script type="text/javascript">
/* <![CDATA[ */
document.getElementById( "ak_js_1" ).setAttribute( "value", ( new Date() ).getTime() );
/* ]]> */
</script>
</p><div class="wpcf7-response-output" aria-hidden="true"></div>
</form>
</div>
[/vc_column][/vc_row][vc_row][vc_column width=&#8220;1/2&#8243;][vc_column_text]</p>
<div class="headline">&#8230;ein echt starkes Team</div>
<p>Unser Firmensitz.</p>
<p>Kaminofenausstellung (ca. 100m² mit immer über 50 Ofenmodellen) mit den hochwertigen Ofenmarken:</p>
<p>Altech, Heta, Wodtke, Nordpeis, Drooff, Cera, Leda und Pertinger.[/vc_column_text][/vc_column][vc_column width=&#8220;1/2&#8243;][vc_single_image media=&#8220;274&#8243; media_width_percent=&#8220;100&#8243;][/vc_column][/vc_row][vc_row][vc_column width=&#8220;1/2&#8243;][vc_column_text]</p>
<h3>Disclaimer</h3>
<h4>1. Warnhinweis zu Inhalten</h4>
<p>Die kostenlosen und frei zugänglichen Inhalte dieser Webseite wurden mit größtmöglicher Sorgfalt erstellt. Der Anbieter dieser Webseite übernimmt jedoch keine Gewähr für die Richtigkeit und Aktualität der bereitgestellten kostenlosen und frei zugänglichen journalistischen Ratgeber und Nachrichten. Die Nutzung dieser Webseiteninhalte erfolgt auf eigene Gefahr. Allein durch den Aufruf dieser kostenlosen und frei zugänglichen Inhalte kommt keinerlei Vertragsverhältnis zwischen dem Nutzer und dem Anbieter zustande, insoweit fehlt es am Rechtsbindungswillen des Anbieters.</p>
<h4>2. Verlinkungen</h4>
<p>Die Webseite enthält Verlinkungen zu anderen Webseiten (&#8222;externe Links&#8220;). Diese Webseiten unterliegen der Haftung der jeweiligen Seitenbetreiber. Bei Verknüpfung der externen Links waren keine Rechtsverstöße ersichtlich. Auf die aktuelle und künftige Gestaltung der verlinkten Seiten hat der Anbieter keinen Einfluss. Die permanente Überprüfung der externen Links ist für den Anbieter ohne konkrete Hinweise auf Rechtsverstöße nicht zumutbar. Bei Bekanntwerden von Rechtsverstößen werden die betroffenen externen Links unverzüglich gelöscht.</p>
<h4>3. Urheberrecht / Leistungsschutzrecht</h4>
<p>Die auf dieser Webseite durch den Anbieter veröffentlichten Inhalte unterliegen dem deutschen Urheberrecht und Leistungsschutzrecht. Alle vom deutschen Urheber- und Leistungsschutzrecht nicht zugelassene Verwertung bedarf der vorherigen schriftlichen Zustimmung des Anbieters oder jeweiligen Rechteinhabers. Dies gilt vor allem für Vervielfältigung, Bearbeitung, Übersetzung, Einspeicherung, Verarbeitung bzw. Wiedergabe von Inhalten in Datenbanken oder anderen elektronischen Medien und Systemen. Dabei sind Inhalte und Rechte Dritter als solche gekennzeichnet. Das unerlaubte Kopieren der Webseiteninhalte oder der kompletten Webseite ist nicht gestattet und strafbar. Lediglich die Herstellung von Kopien und Downloads für den persönlichen, privaten und nicht kommerziellen Gebrauch ist erlaubt.</p>
<p>Diese Website darf ohne schriftliche Erlaubnis nicht durch Dritte in Frames oder iFrames dargestellt werden.</p>
<h4>4. Keine Werbung</h4>
<p>Die Verwendung der Kontaktdaten des Impressums zur gewerblichen Werbung ist ausdrücklich nicht erwünscht, es sei denn der Anbieter hatte zuvor seine schriftliche Einwilligung erteilt oder es besteht bereits eine Geschäftsbeziehung. Der Anbieter und alle auf dieser Website genannten Personen widersprechen hiermit jeder kommerziellen Verwendung und Weitergabe ihrer Daten.</p>
<h4>5. Besondere Nutzungsbedingungen</h4>
<p>Soweit besondere Bedingungen für einzelne Nutzungen dieser Website von den vorgenannten Nummern 1. bis 4. abweichen, wird an entsprechender Stelle ausdrücklich darauf hingewiesen. In diesem Falle gelten im jeweiligen Einzelfall die besonderen Bedingungen.</p>
<p>Quelle: <a href="https://www.fachanwalt.de/disclaimer-vorlage/">Disclaimer Vorlage von fachanwalt.de</a>[/vc_column_text][/vc_column][/vc_row][vc_row][vc_column width=&#8220;1/1&#8243;][/vc_column][/vc_row]</p>
</div>

<p>[vc_row][vc_column width=&#8220;1/2&#8243;][vc_column_text uncode_shortcode_id=&#8220;205889&#8243;]Telefonisch erreichbar Kontakt Tel. 09227-4468 Freitag von 9:00 bis 17:00 Uhr Öffnungszeiten unserer Ofenausstellung Fr. 9:00-17:00 Uhr und [&hellip;]</p>
